{"id":4251,"date":"2013-04-05T19:20:15","date_gmt":"2013-04-05T17:20:15","guid":{"rendered":"http:\/\/www.baronrenouard.com\/blog\/?page_id=4251"},"modified":"2024-06-02T09:53:53","modified_gmt":"2024-06-02T07:53:53","slug":"abstraction-dapres-guerre","status":"publish","type":"page","link":"https:\/\/www.baronrenouard.com\/blog\/abstraction-dapres-guerre\/","title":{"rendered":"ABSTRACTION D\u2019APR\u00c8S GUERRE. NON FIGURATION"},"content":{"rendered":"\n<p class=\"has-black-color has-text-color has-background\" style=\"background-color:#f0f2f3\">Figure de l&rsquo;abstraction d&rsquo;apr\u00e9s-guerre, membre fondateur du <em>Festival International de la Peinture<\/em> de Cagnes-sur-mer, grand organisateur d&rsquo;expositions, Baron-Renouard (1918-2009) est en effet au c\u0153ur de l&rsquo;actualit\u00e9 artistique. Officier d&rsquo;aviation puis artiste peintre de l&rsquo;\u00c9cole de Paris et repr\u00e9sentant de la peinture fran\u00e7aise \u00e0 l&rsquo;international, il a fait partie dans les ann\u00e9es 60, 70 et 80 du Paysagisme abstrait, tendance picturale de la Nouvelle \u00c9cole de Paris. <a href=\"https:\/\/www.baronrenouard.com\/blog\/ecole-de-paris\/\">En savoir plus <\/a><\/p>\n\n\n\n<p>Aux termes d\u2019une longue \u00e9volution, Baron-Renouard est devenu dans son expression picturale <strong>un repr\u00e9sentant de ce que Lydia Harambourg et&nbsp;Henry Galy-Carles appellent le <em><a href=\"http:\/\/www.larousse.fr\/archives\/grande-encyclopedie\/page\/10352\" target=\"_blank\" rel=\"noopener noreferrer\">Paysagisme abstrait<\/a>&nbsp;ou le<\/em>&nbsp;<em><a title=\"Naturalisme imaginaire abstrait\" href=\"http:\/\/www.baronrenouard.com\/blog\/henry-galy-carles\/\" target=\"_blank\" rel=\"noopener noreferrer\">Naturalisme Imaginaire Abstrait<\/a><\/em>.<\/strong><\/p>\n\n\n\n<p>Pour Baron-Renouard la nature est une source d&rsquo;inspiration privil\u00e9gi\u00e9e qui est per\u00e7ue \u00e0 travers le filtre de l&rsquo;imaginaire et <strong>se&nbsp;mue en abstraction<\/strong> : <em>\u00ab\u00a0une colline ou une plage, sont bien lisibles au moment&nbsp;o\u00f9 vous les regardez, mais un ou deux ans plus tard, quand leur image a \u00e9t\u00e9 absorb\u00e9e par votre esprit, elles&nbsp;ne sont plus concr\u00e8tes, elles sont sublim\u00e9es, elles sont devenues abstraites dans leurs formes<\/em>\u00ab\u00a0.<\/p>\n\n\n\n<p>Peintre de l&rsquo;\u00c9cole de Paris, la composition de ses toiles ob\u00e9it \u00e0 une<strong> structure interne rigoureuse<\/strong>.&nbsp;L&rsquo;artiste a \u00e9tudi\u00e9 les flamands, les&nbsp;primitifs italiens et la construction bien ordonn\u00e9e de ses peintures r\u00e9pond aux m\u00eames exigences. La<strong> r\u00e8gle du nombre d&rsquo;or <\/strong>est un principe fondamental de ses cr\u00e9ations.<\/p>\n\n\n\n<p>Sa peinture est <strong>con\u00e7ue comme une musique<\/strong> pr\u00e9cise <a href=\"http:\/\/fr.wikipedia.org\/wiki\/Andr%C3%A9_Verdet\" target=\"_blank\" rel=\"noreferrer noopener\">Andr\u00e9 Verdet<\/a> : <em>\u00ab\u00a0Les masses color\u00e9es se meuvent&nbsp;s&rsquo;organisent, se r\u00e9partissent \u00e0 la fa\u00e7on de th\u00e8mes musicaux. Elles s&rsquo;orchestrent. Elles deviennent des&nbsp;timbres. Ces timbres r\u00e9agissent les uns sur les autres avant de se fondre dans le chant g\u00e9n\u00e9ral de la&nbsp;composition\u00a0\u00bb.<\/em><\/p>\n\n\n\n<p>Peinture de l&rsquo;ailleurs&#8230; La Chine et le Japon sont pour ce voyageur, paysages familiers, <a title=\"Vadime Eliss\u00e9eff, historien\" href=\"http:\/\/fr.wikipedia.org\/wiki\/Vadime_Eliss%C3%A9eff\" target=\"_blank\" rel=\"noopener noreferrer\">Vadime Eliss\u00e9eff<\/a> le dit&nbsp;hant\u00e9 par <strong>le m\u00eame travail qui hante peintres chinois et japonais<\/strong> : <em>\u00ab\u00a0au seuil de la lisibilit\u00e9, \u00e0 travers jeux&nbsp;calligraphiques et tableaux cosmiques\u00a0\u00bb.<\/em><\/p>\n\n\n\n<blockquote class=\"wp-block-quote is-style-large is-layout-flow wp-block-quote-is-layout-flow\">\n<p>\u00ab\u00a0Cette peinture est aussi <strong>peinture de&nbsp;<\/strong><em><strong>l&rsquo;espace.<\/strong>&nbsp;<\/em>Baron-Renouard nous gu\u00e9rit de la claustrophobie puisqu&rsquo;\u00e0 travers ses tableaux, nous sommes dans&nbsp;des \u00e9tendues tr\u00e8s larges et tr\u00e8s diverses \u00e0 la fois, que l&rsquo;on traverse, ni trop vite, ce qui emp\u00eacherait la&nbsp;contemplation, ni trop lentement, ce qui emp\u00eacherait l&rsquo;all\u00e9gresse\u00a0\u00bb selon les mots d&rsquo;<a title=\"Eug\u00e8ne Ionesco\" href=\"http:\/\/www.baronrenouard.com\/blog\/eugene-ionesco\/\" target=\"_blank\" rel=\"noopener noreferrer\">Eug\u00e8ne Ionesco<\/a>.<\/p>\n<\/blockquote>\n\n\n\n<p><\/p>\n","protected":false},"excerpt":{"rendered":"<p>Figure de l\u2019abstraction d\u2019apr\u00e9s-guerre, membre fondateur du Festival International de la Peinture de Cagnes-sur-mer, grand organisateur d\u2019expositions, Baron-Renouard est en effet au c\u0153ur de l\u2019actualit\u00e9 artistique. Officier d\u2019aviation puis artiste peintre de l\u2019\u00c9cole de Paris et repr\u00e9sentant de la peinture fran\u00e7aise \u00e0 l\u2019international, il a fait partie dans les ann\u00e9es 60, 70 et 80 du Paysagisme abstrait, tendance picturale de la Nouvelle \u00c9cole de Paris.<\/p>\n","protected":false},"author":1,"featured_media":2955,"parent":0,"menu_order":0,"comment_status":"closed","ping_status":"closed","template":"","meta":{"_exactmetrics_skip_tracking":false,"_exactmetrics_sitenote_active":false,"_exactmetrics_sitenote_note":"","_exactmetrics_sitenote_category":0,"footnotes":""},"class_list":["post-4251","page","type-page","status-publish","has-post-thumbnail","hentry","latest_post"],"_links":{"self":[{"href":"https:\/\/www.baronrenouard.com\/blog\/wp-json\/wp\/v2\/pages\/4251"}],"collection":[{"href":"https:\/\/www.baronrenouard.com\/blog\/wp-json\/wp\/v2\/pages"}],"about":[{"href":"https:\/\/www.baronrenouard.com\/blog\/wp-json\/wp\/v2\/types\/page"}],"author":[{"embeddable":true,"href":"https:\/\/www.baronrenouard.com\/blog\/wp-json\/wp\/v2\/users\/1"}],"replies":[{"embeddable":true,"href":"https:\/\/www.baronrenouard.com\/blog\/wp-json\/wp\/v2\/comments?post=4251"}],"version-history":[{"count":72,"href":"https:\/\/www.baronrenouard.com\/blog\/wp-json\/wp\/v2\/pages\/4251\/revisions"}],"predecessor-version":[{"id":7846,"href":"https:\/\/www.baronrenouard.com\/blog\/wp-json\/wp\/v2\/pages\/4251\/revisions\/7846"}],"wp:featuredmedia":[{"embeddable":true,"href":"https:\/\/www.baronrenouard.com\/blog\/wp-json\/wp\/v2\/media\/2955"}],"wp:attachment":[{"href":"https:\/\/www.baronrenouard.com\/blog\/wp-json\/wp\/v2\/media?parent=4251"}],"curies":[{"name":"wp","href":"https:\/\/api.w.org\/{rel}","templated":true}]}}