{"id":449,"date":"2013-01-30T08:58:44","date_gmt":"2013-01-30T08:58:44","guid":{"rendered":"http:\/\/www.baronrenouard.com\/Renouard\/?page_id=449"},"modified":"2014-10-26T15:54:24","modified_gmt":"2014-10-26T15:54:24","slug":"biographie","status":"publish","type":"page","link":"http:\/\/www.baronrenouard.com\/Renouard\/biographie\/","title":{"rendered":"Chronologie de Paul Renouard"},"content":{"rendered":"<p>1845 &#8211; Naissance le 5 novembre de Charles Paul Renouard \u00e0 Cour-Cheverny\u00a0(Loir-et-Cher) issu d\u2019une modeste famille de sabotier solognot. (P\u00e8re : Pierre Antoine Renouard)<\/p>\n<p>1859 &#8211; Paul Renouard a 14 ans lorsqu&rsquo;il monte \u00e0 Paris pour gagner sa vie en tant que ficeleur de paquets dans un magasin puis comme peintre en b\u00e2timent.<\/p>\n<p>1868 &#8211; Il \u00e9tudie aupr\u00e8s d\u2019Isidore Alexandre Augustin Pils \u00e0 l\u2019\u00e9cole des Beaux-Arts \u00e0 Paris.<\/p>\n<p style=\"text-align: center;\"><span style=\"color: #808080;\"><strong><em>*Guerre franco-allemande, qui dura du\u00a019\u00a0juillet\u00a01870\u00a0au\u00a029\u00a0janvier\u00a01871*<\/em><\/strong><\/span><\/p>\n<p>1870 &#8211; Paul Renouard s&rsquo;engage volontairement comme mobile de Loir-et-Cher 75e r\u00e9giment, il est lib\u00e9r\u00e9 en 1871 \u00e0 la fin des hostilit\u00e9s<\/p>\n<p>1875 &#8211;\u00a0Collabore\u00a0avec ma\u00eetre Isidore Pils pour la r\u00e9alisation de la d\u00e9coration de l&rsquo;op\u00e9ra de Paris (actuel op\u00e9ra Garnier). Isidore Pils tomba malade et Paul Renouard finira l&rsquo;ex\u00e9cution des plafonds.<\/p>\n<p>1875 \u00e0 1880 &#8211; D\u00e9but de sa collaboration avec l\u2019<em>Art<\/em>, <em>Paris Illustr\u00e9<\/em>\u00a0o\u00f9 il donne des s\u00e9ries d\u2019\u00e9tudes remarqu\u00e9es sur les danseuses, le monde du Palais de Justice, de la Bourse, du Parlement. Il a illustr\u00e9 Jacques Vingtras, l&rsquo;enfant de Jules Vall\u00e8s.<\/p>\n<p>1877 &#8211; Il expose pour la toute premi\u00e8re fois des croquis d\u2019acteurs au Salon des Artistes fran\u00e7ais puis il exposa au salon de la Soci\u00e9t\u00e9 Nationale des Beaux-Arts dont il fut membre soci\u00e9taire.<\/p>\n<p>1880 &#8211; D\u00e9but d&rsquo;une longue collaboration avec L&rsquo;Illustration (44 ans), reportage au Havre pour le congr\u00e8s socialiste et collaboration avec le Monde Illustr\u00e9.<\/p>\n<p>1881 &#8211;\u00a0Il est d\u00e9p\u00each\u00e9 en Tunisie, comme reporter et dessinateur pour y couvrir \u00ab les \u00e9v\u00e8nements \u00bb. Il r\u00e9alisera cette ann\u00e9e un album intitul\u00e9 \u00ab\u00a0Croquis d&rsquo;animaux\u00a0\u00bb.<\/p>\n<p>1884 &#8211; Il voyage \u00e0 Londres puis Washington et collabore avec le journal\u00a0<em>The Graphic<\/em>\u00a0de Londres puis avec\u00a0The illustrated London news et le Daily Graphic.\u00a0Il exposera\u00a0\u00e0 Londres avec la Royal Society of painters \u00a0ans Etchers et \u00e0 la English art club. Il re\u00e7u une mention honorable en 1883, une m\u00e9daille de troisi\u00e8me classe en 1889.<\/p>\n<p style=\"text-align: center;\"><em><strong>*Lancement du\u00a0<span class=\"Apple-style-span\">Kodak, premier appareil photographique*<\/span><\/strong><\/em><\/p>\n<p>1889\u00a0&#8211; M\u00e9daille d&rsquo;Or de l&rsquo;Exposition Universelle de Paris<\/p>\n<p>1891 &#8211; Succ\u00e8s de \u00ab\u00a0Rome pendant la semaine sainte\u00a0\u00bb dont les dessins sont de Paul Renouard<\/p>\n<p>1892 &#8211; Paul Renouard saisit sur\u00a0le vif le public et les acteurs \u00e0 l&rsquo;Op\u00e9ra de Paris et \u00e0 Londres (Th\u00e9\u00e2tre Royal de Drury Lane) et il publie un luxueux album qui est un succ\u00e8s pr\u00e9fac\u00e9 par\u00a0Ludovic Hal\u00e9vy, intitul\u00e9 \u00ab\u00a0L&rsquo;Op\u00e9ra\u00a0\u00bb, comprenant trente-deux\u00a0eaux-fortes\u00a0et des dessins originaux.<\/p>\n<p>1893 &#8211; Paul Renouard est fait chevalier de la L\u00e9gion d&rsquo;honneur.<\/p>\n<p>1894 &#8211; Paul Renouard fait la une de <em>The Graphic<\/em> avec son portrait de l&rsquo;anarchiste<br \/>\n1894 &#8211; Il est fait Chevalier de la L\u00e9gion d&rsquo;honneur le 3 avril<\/p>\n<p>1895 &#8211; Paul Renouard est \u00e0 Londres pour l&rsquo;anniversaire de la Reine<\/p>\n<p>1897 &#8211; Paul Renouard couvre \u00e0 Londres le Jubil\u00e9e de la Reine Victoria pour l&rsquo;<em>Illustration<\/em><\/p>\n<p>1898 &#8211; Paul Renouard \u00e9dite un recueil de gravures sur l\u2019Affaire Dreyfus (99 gravures).<\/p>\n<p>1900\u00a0&#8211;\u00a0M\u00e9daille d&rsquo;Or de l&rsquo;Exposition Universelle de Paris<\/p>\n<p>1901 &#8211; Il r\u00e9alisera un album intitul\u00e9 \u00ab\u00a0L&rsquo;Exposition de 1900\u00a0\u00bb<\/p>\n<p>1902 &#8211; Paul Renouard est professeur \u00e0 l&rsquo;\u00c9cole des arts d\u00e9coratifs o\u00f9 il donne un cours\u00a0<span class=\"Apple-style-span\">de \u00ab croquis d\u2019apr\u00e8s mod\u00e8le vivant et en mouvement \u00bb &#8211;\u00a0<\/span>Paul Renouard participe \u00e0 la mission Rochambeau <em>\u00ab\u00a0L<\/em><em>e gouvernement fran\u00e7ais envoie officiellement aux Etats-Unis une\u00a0mission, avec un g\u00e9n\u00e9ral et un amiral \u00e0 sa t\u00eate, pour remettre au gouvernement\u00a0f\u00e9d\u00e9ral une statue de Rochambeau.\u00a0\u00bb Paul Renouard devient professeur\u00a0<\/em><em>\u00e0 l&rsquo;\u00c9cole des Arts d\u00e9coratifs.\u00a0<\/em><\/p>\n<p>1903 &#8211; Il est \u00e9lu secr\u00e9taire de la\u00a0Soci\u00e9t\u00e9 nationale des beaux-arts<br \/>\n1903 &#8211; Paul Renouard couvre le proc\u00e8s de Th\u00e9r\u00e8se Humbert<\/p>\n<p>1904\u00a0&#8211; Une grande r\u00e9trospective lui est consacr\u00e9e au Mus\u00e9e nationale du Luxembourg<\/p>\n<p>1905 &#8211;\u00a0<span style=\"color: #252525;\">\u00c9dition du rarissime <span class=\"Apple-style-span\">album d\u2019esquisses et de croquis animaliers, \u00ab\u00a0Mouvements gestes et expressions\u00a0\u00bb compos\u00e9 de 204, vaut \u00e0 son talent, fond\u00e9 sur\u00a0l\u2019observation, l\u2019exercice de la m\u00e9moire et la rapidit\u00e9 d\u2019un trait \u00e9vocateur, une cons\u00e9cration officielle.\u00a0<\/span><\/span><\/p>\n<p>1909 &#8211; Paul Renouard couvre le proc\u00e8s de Marguerite Steinheil pour l\u2019<em>Illustration<\/em><\/p>\n<p style=\"text-align: center;\"><span style=\"color: #808080;\"><strong><em>*Premi\u00e8re Guerre mondiale\u00a0du 1er ao\u00fbt\u00a01914\u00a0au 11 novembre 1918*<\/em><\/strong><\/span><\/p>\n<p>1914 &#8211; Paul Renouard expose \u00e0 l&rsquo;Exposition internationale des Beaux-arts de 1914 \u00e0 Lyon<\/p>\n<p>1914 \u00e0 1918 &#8211; Paul Renouard suivra de pr\u00e8s la premi\u00e8re guerre mondiale mais pas comme soldat. Il est \u00e2g\u00e9 de 69 ans ce qui ne l&#8217;emp\u00eachera pas d&rsquo;\u00eatre pr\u00e9sent au plus pr\u00e8s des combats et des soldats \u00e0 en juger par ces dessins et gravures (Exemple : attaque du 1er r\u00e9giment de tirailleurs marocains, le 28 juin 1918, \u00e0 5 h 5 m).<\/p>\n<p>1920 &#8211; Paul Renouard est fait Officier de la L\u00e9gion d&rsquo;honneur le 8 aout<\/p>\n<p>1922\u00a0&#8211; Le Mus\u00e9e des beaux-arts de Blois inaugure les salles Paul Renouard\u00a0suite \u00e0 l\u2019acquisition par la ville de l\u2019album Paul Renouard, son oeuvre sur la guerre 1914-1917, compl\u00e9t\u00e9 d\u2019un don important de l\u2019artiste. La collection est compl\u00e9t\u00e9e par des achats importants entre 1927 et 1935, puis par le don May en 1971. Au total ce fonds comprend sept peintures et environ 550 dessins et gravures.<\/p>\n<p>1924 &#8211; D\u00e9c\u00e8s de Paul Renouard \u00e0 Paris le 2 janvier dans son appartement du 23 Quai de l&rsquo;Horloge \u00e0 Paris (75001).<\/p>\n<p><em>Avec sa femme \u00c9milie Larsonneur, Paul Renouard a eu\u00a0une fille unique. Elle a \u00e9pous\u00e9 \u00a0Monsieur Baron et de leur union est n\u00e9e un fils unique Fran\u00e7ois Baron-Renouard.\u00a0<\/em><\/p>\n<p>1924 &#8211; Sorti du recueil<span class=\"Apple-style-span\">\u00a0posthume intitul\u00e9 \u00ab\u00a0La Danse\u00a0\u00bb (pr\u00e9face de Marcel Valotaire), 17 planches de croquis grav\u00e9s.<\/span><\/p>\n<p>1926 &#8211; \u00c0 l\u2019initiative de l\u2019\u00c9cole de la Loire dont il fut le pr\u00e9sident, un buste est r\u00e9alis\u00e9 par Albert Chartier, un de ses \u00e9l\u00e8ves aux Arts D\u00e9coratifs, et inaugur\u00e9 dans les jardins de l\u2019\u00e9v\u00each\u00e9 \u00e0 Blois.<\/p>\n<p>&nbsp;<\/p>\n<p>&nbsp;<\/p>\n","protected":false},"excerpt":{"rendered":"<p>1845 &#8211; Naissance le 5 novembre de Charles Paul Renouard \u00e0 Cour-Cheverny\u00a0(Loir-et-Cher) issu d\u2019une modeste famille de sabotier solognot. (P\u00e8re : Pierre Antoine Renouard) 1859 &#8211; Paul Renouard a 14 ans lorsqu&rsquo;il monte \u00e0 Paris pour gagner sa vie en tant que ficeleur de paquets dans un magasin puis comme peintre en b\u00e2timent. 1868 &#8211; [&hellip;]<\/p>\n","protected":false},"author":1,"featured_media":0,"parent":0,"menu_order":0,"comment_status":"closed","ping_status":"closed","template":"","meta":{"ngg_post_thumbnail":0,"footnotes":""},"_links":{"self":[{"href":"http:\/\/www.baronrenouard.com\/Renouard\/wp-json\/wp\/v2\/pages\/449"}],"collection":[{"href":"http:\/\/www.baronrenouard.com\/Renouard\/wp-json\/wp\/v2\/pages"}],"about":[{"href":"http:\/\/www.baronrenouard.com\/Renouard\/wp-json\/wp\/v2\/types\/page"}],"author":[{"embeddable":true,"href":"http:\/\/www.baronrenouard.com\/Renouard\/wp-json\/wp\/v2\/users\/1"}],"replies":[{"embeddable":true,"href":"http:\/\/www.baronrenouard.com\/Renouard\/wp-json\/wp\/v2\/comments?post=449"}],"version-history":[{"count":70,"href":"http:\/\/www.baronrenouard.com\/Renouard\/wp-json\/wp\/v2\/pages\/449\/revisions"}],"predecessor-version":[{"id":1241,"href":"http:\/\/www.baronrenouard.com\/Renouard\/wp-json\/wp\/v2\/pages\/449\/revisions\/1241"}],"wp:attachment":[{"href":"http:\/\/www.baronrenouard.com\/Renouard\/wp-json\/wp\/v2\/media?parent=449"}],"curies":[{"name":"wp","href":"https:\/\/api.w.org\/{rel}","templated":true}]}}